f 9489.
3, 3163
What are the prime factors of 18154?
2, 29, 313
What are the prime factors of 1511?
1511
What are the prime factors of 6315?
3, 5, 421
What are the prime factors of 1200?
2, 3, 5
What are the prime factors of 5609?
71, 79
What are the prime factors of 1103?
1103
List the prime factors of 1074.
2, 3, 179
List the prime factors of 2840.
2, 5, 71
List the prime factors of 15189.
3, 61, 83
List the prime factors of 4131.
3, 17
What are the prime factors of 10668?
2, 3, 7, 127
What are the prime factors of 113702?
2, 139, 409
What are the prime factors of 67274?
2, 33637
What are the prime factors of 41926?
2, 20963
What are the prime factors of 22668?
2, 3, 1889
List the prime factors of 58991.
58991
What are the prime factors of 4639?
4639
What are the prime factors of 1021?
1021
What are the prime factors of 68446?
2, 7, 4889
What are the prime factors of 3053?
43, 71
List the prime factors of 1460.
2, 5, 73
List the prime factors of 4263.
3, 7, 29
What are the prime factors of 16284?
2, 3, 23, 59
What are the prime factors of 13445?
5, 2689
What are the prime factors of 144361?
7, 41, 503
What are the prime factors of 2817?
3, 313
What are the prime factors of 13579?
37, 367
What are the prime factors of 5872?
2, 367
What are the prime factors of 43919?
37, 1187
List the prime factors of 18157.
67, 271
What are the prime factors of 27015?
3, 5, 1801
List the prime factors of 42988.
2, 11, 977
What are the prime factors of 1636?
2, 409
What are the prime factors of 715?
5, 11, 13
What are the prime factors of 1360?
2, 5, 17
What are the prime factors of 3323?
3323
What are the prime factors of 1629?
3, 181
What are the prime factors of 2851?
2851
What are the prime factors of 3690?
2, 3, 5, 41
List the prime factors of 1200.
2, 3, 5
What are the prime factors of 11154?
2, 3, 11, 13
List the prime factors of 1488.
2, 3, 31
What are the prime factors of 1547?
7, 13, 17
What are the prime factors of 42280?
2, 5, 7, 151
What are the prime factors of 6643?
7, 13, 73
List the prime factors of 13315.
5, 2663
List the prime factors of 24051.
3, 8017
List the prime factors of 3721.
61
List the prime factors of 23594.
2, 47, 251
List the prime factors of 1540.
2, 5, 7, 11
What are the prime factors of 86063?
89, 967
What are the prime factors of 19031?
19031
List the prime factors of 22237.
37, 601
What are the prime factors of 719?
719
What are the prime factors of 98973?
3, 7, 1571
What are the prime factors of 57178?
2, 11, 23, 113
List the prime factors of 6074.
2, 3037
What are the prime factors of 32?
2
List the prime factors of 53279.
53279
List the prime factors of 1031.
1031
What are the prime factors of 16122?
2, 3, 2687
What are the prime factors of 6042?
2, 3, 19, 53
List the prime factors of 28021.
7, 4003
List the prime factors of 12195.
3, 5, 271
List the prime factors of 5991.
3, 1997
What are the prime factors of 25202?
2, 12601
What are the prime factors of 27595?
5, 5519
What are the prime factors of 2794?
2, 11, 127
What are the prime factors of 1885?
5, 13, 29
What are the prime factors of 2545?
5, 509
List the prime factors of 8123.
8123
What are the prime factors of 1075?
5, 43
List the prime factors of 493.
17, 29
List the prime factors of 1773.
3, 197
What are the prime factors of 950?
2, 5, 19
What are the prime factors of 1666?
2, 7, 17
What are the prime factors of 958?
2, 479
What are the prime factors of 3894?
2, 3, 11, 59
List the prime factors of 37956.
2, 3, 3163
What are the prime factors of 21206?
2, 23, 461
What are the prime factors of 1724?
2, 431
List the prime factors of 6495.
3, 5, 433
List the prime factors of 266.
2, 7, 19
What are the prime factors of 3750?
2, 3, 5
What are the prime factors of 43729?
7, 6247
List the prime factors of 1802.
2, 17, 53
What are the prime factors of 20547?
3, 761
List the prime factors of 115862.
2, 19, 3049
What are the prime factors of 2335?
5, 467
What are the prime factors of 248?
2, 31
What are the prime factors of 2921?
23, 127
What are the prime factors of 699?
3, 233
What are the prime factors of 3564?
2, 3, 11
List the prime factors of 31388.
2, 7, 19, 59
List the prime factors of 18066.
2, 3, 3011
List the prime factors of 3150.
2, 3, 5, 7
What are the prime factors of 23516?
2, 5879
What are the prime factors of 954?
2, 3, 53
List the prime factors of 785.
5, 157
What are the prime factors of 50302?
2, 7, 3593
What are the prime factors of 186975?
3, 5, 277
List the prime factors of 9104.
2, 569
List the prime factors of 461.
461
List the prime factors of 69541.
197, 353
List the prime factors of 95739.
3, 7, 47, 97
List the prime factors of 17723.
37, 479
List the prime factors of 23386.
2, 11, 1063
What are the prime factors of 66691?
17, 3923
What are the prime factors of 990?
2, 3, 5, 11
What are the prime factors of 1084?
2, 271
What are the prime factors of 2518?
2, 1259
What are the prime factors of 4212?
2, 3, 13
What are the prime factors of 54488?
2, 7, 139
What are the prime factors of 59415?
3, 5, 17, 233
List the prime factors of 401.
401
List the prime factors of 559.
13, 43
List the prime factors of 15390.
2, 3, 5, 19
List the prime factors of 245.
5, 7
List the prime factors of 1725.
3, 5, 23
What are the prime factors of 2040?
2, 3, 5, 17
What are the prime factors of 4186?
2, 7, 13, 23
List the prime factors of 384.
2, 3
What are the prime factors of 2346?
2, 3, 17, 23
What are the prime factors of 7316?
2, 31, 59
List the prime factors of 4365.
3, 5, 97
List the prime factors of 7146.
2, 3, 397
What are the prime factors of 41049?
3, 4561
List the prime factors of 24997.
7, 3571
What are the prime factors of 1890?
2, 3, 5, 7
What are the prime factors of 1501?
19, 79
List the prime factors of 1253.
7, 179
List the prime factors of 11548.
2, 2887
List the prime factors of 19361.
19, 1019
What are the prime factors of 152063?
152063
What are the prime factors of 20947?
20947
List the prime factors of 56012.
2, 11, 19, 67
What are the prime factors of 624?
2, 3, 13
What are the prime factors of 27991?
23, 1217
What are the prime factors of 3988?
2, 997
List the prime factors of 1540.
2, 5, 7, 11
List the prime factors of 1505.
5, 7, 43
What are the prime factors of 7866?
2, 3, 19, 23
What are the prime factors of 35071?
17, 2063
What are the prime factors of 7164?
2, 3, 199
List the prime factors of 48.
2, 3
List the prime factors of 17553.
3, 5851
What are the prime factors of 1424?
2, 89
What are the prime factors of 3013?
23, 131
What are the prime factors of 12949?
23, 563
What are the prime factors of 7135?
5, 1427
List the prime factors of 3923.
3923
What are the prime factors of 6984?
2, 3, 97
List the prime factors of 6476.
2, 1619
What are the prime factors of 254?
2, 127
List the prime factors of 11745.
3, 5, 29
What are the prime factors of 79211?
11, 19, 379
List the prime factors of 8781.
3, 2927
List the prime factors of 718.
2, 359
List the prime factors of 14.
2, 7
List the prime factors of 1067.
11, 97
List the prime factors of 786.
2, 3, 131
What are the prime factors of 16850?
2, 5, 337
List the prime factors of 16511.
11, 19, 79
List the prime factors of 5137.
11, 467
List the prime factors of 27545.
5, 7, 787
List the prime factors of 60.
2, 3, 5
List the prime factors of 8353.
8353
List the prime factors of 9991.
97, 103
What are the prime factors of 6457?
11, 587
List the prime factors of 548.
2, 137
List the prime factors of 5603.
13, 431
What are the prime factors of 30356?
2, 7589
What are the prime factors of 9034?
2, 4517
List the prime factors of 8506.
2, 4253
List the prime factors of 8918.
2, 7, 13
What are the prime factors of 5878?
2, 2939
What are the prime factors of 1690?
2, 5, 13
List the prime factors of 30975.
3, 5, 7, 59
List the prime factors of 661.
661
List the prime factors of 905.
5, 181
List the prime factors of 793.
13, 61
What are the prime factors of 23488?
2, 367
What are the prime factors of 12245?
5, 31, 79
What are the prime factors of 6931?
29, 239
List the prime factors of 918.
2, 3, 17
List the prime factors of 101608.
2, 13, 977
What are the prime factors of 65069?
31, 2099
List the prime factors of 31558.
2, 31, 509
What are the prime factors of 1556?
2, 389
List the prime fact